 is divided by 8?
7
Let z = -59 - -40. Let y = z - -30. Let l = -7 + 11. What is the remainder when y is divided by l?
3
Suppose 0 = -5*z + 10*z - 20. Suppose 2*y = -2, -4*r - 5*y = -7*r + 14. Suppose 5*w - 1 = -r*t + 5, -3*t = w - 6. What is the remainder when z is divided by t?
0
Let g = 32 + -11. What is the remainder when 123 is divided by g?
18
Let j = -7 - -19. Suppose 0 = u - 3*z - 26, -3*z + 4 + j = 2*u. What is the remainder when 25 is divided by u?
11
Let m = 0 + 7. What is the remainder when 25 is divided by m?
4
Let c(w) = w - 3. Let m be c(0). Let d(t) = -t**3 - t**2 - t - 3. What is the remainder when 71 is divided by d(m)?
17
Suppose 0 = 4*y - 3*y - 8. Calculate the remainder when (-212)/(-7) - (-4)/(-14) is divided by y.
6
Let m = 75 + -53. Let i = m - 20. Let j(u) = 4*u + 1. Calculate the remainder when j(1) is divided by i.
1
Let y(w) = w**3 - 5*w**2 + 6*w - 27. Calculate the remainder when 10/25*(15 + 0) is divided by y(5).
0
Let o(k) = k + 8. Calculate the remainder when 7 is divided by o(-6).
1
Calculate the remainder when 18 is divided by (-30)/(-5) + (3 - (-8)/(-2)).
3
Let k(b) = 2*b - 7. What is the remainder when k(8) is divided by 3?
0
Let g be 14/35 + 4/(-10). Let b(o) = o + 16. What is the remainder when b(g) is divided by 9?
7
Let i(h) = -4*h**2 + 7*h - 4. Let o(w) = -4*w - 2 + 3 + 2*w + 0*w + w**2. Let l(k) = -2*i(k) - 7*o(k). What is the remainder when 13 is divided by l(-2)?
3
Let m(o) = o + 2. What is the remainder when 13 is divided by m(6)?
5
Let h be 6*((-27)/6 - -1). Calculate the remainder when 6*(0 + h/(-6)) is divided by 11.
10
Let f = 62 - 41. What is the remainder when 82 is divided by f?
19
Suppose -5*k = 4*n - 79, 3*k + 120 = 5*n + 5*k. What is the remainder when n is divided by 8?
2
Let k = 7 - 1. Suppose 5*b = 5*n + 60, -2*b + 4*n - 16 = -k*b. Let f = b - -19. Calculate the remainder when f is divided by 7.
6
Let z(g) = 7*g**2 + g - 1. Let x(h) = h + 10. Let n be x(-8). Suppose 6 = 5*i + 1, i - 39 = -n*r. Calculate the remainder when r is divided by z(1).
5
Let v be (-18)/(-5) + 2/5. Suppose u - v*u = -12. Suppose i - 34 = -3*g, 2 = 5*i - 3. Calculate the remainder when g is divided by u.
3
Let n(y) = y**3 + 4*y**2 - 6*y - 2. Let z be n(-5). Suppose 0 = z*i - 15 - 93. What is the remainder when i is divided by 19?
17
Suppose -12 + 41 = 4*n - a, -2*n = -4*a - 4. Let r(v) be the third derivative of -v**4/8 - v**2. Calculate the remainder when r(-5) is divided by n.
7
Let b(l) = l**2 - 6*l + 6. Let y = 3 - 1. What is the remainder when b(6) is divided by 21/6 + y/4?
2
Let p = 33 + -7. Suppose -4*v = -5*v + p. Calculate the remainder when v is divided by 7.
5
Let a(q) = 2*q + 11. Let g be a(-7). Let u(o) = 2*o**2 + 4*o + 7. Calculate the remainder when 38 is divided by u(g).
12
What is the remainder when 163 is divided by (-11)/(-55) + (0 - 408/(-10))?
40
Calculate the remainder when (1/(-3))/((-10)/9270) is divided by 24.
21
Let k(u) = 10*u - 5. What is the remainder when k(5) is divided by 16?
13
Let i(n) = -n**2 - 5*n + 42. What is the remainder when i(0) is divided by 12?
6
Let b(m) = 2*m**2 + 8*m - 5. Calculate the remainder when b(-6) is divided by (-1 + 3)/(2/10).
9
Let a = 2 + -4. Let m = a - -6. Let x = -14 + 25. Calculate the remainder when x is divided by m.
3
Let f be 4/(-6) + (-118)/(-6). Let w = f - 6. Calculate the remainder when (-984)/(-40) + (-3)/5 is divided by w.
11
Let t be (5*1)/(4/28). Let b = 66 - t. Suppose b - 3 = 4*s. Calculate the remainder when 12 is divided by s.
5
Suppose -1 - 20 = -f. Suppose 88 = -215*k + 223*k. What is the remainder when f is divided by k?
10
Let s(a) = -a + 9. Let b(r) = 2*r - 9. Let m(o) = 2*b(o) + 3*s(o). Calculate the remainder when m(8) is divided by 6.
5
Let z = 253 + -130. Calculate the remainder when z is divided by 25.
23
Let r = 208 - 149. Suppose r = 5*p + 3*g, -9 = -p - 0*g - 2*g. Calculate the remainder when (-140)/(-6) - 1/3 is divided by p.
10
Let z(w) = -w**3 - 6*w**2 - 3*w + 14. What is the remainder when 16 is divided by z(-5)?
0
Let x(j) = 1 + j**2 + 2 - 2*j**2 + j. What is the remainder when 6 is divided by x(0)?
0
Let u(i) = 6*i + 5. Suppose -7*d + 3*d = -28. Let p = d - 2. What is the remainder when u(p) is divided by 18?
17
Let l(g) = g**2 + g + 1. What is the remainder when 39 is divided by l(-5)?
18
Let f(y) be the third derivative of y**5/60 - y**4/24 - 19*y**3/6 + 2*y**2. Let s be f(0). Calculate the remainder when 16 is divided by s/(-2) - (-3)/(-6).
7
Let p = -24 - -94. Let d = p - 39. What is the remainder when d is divided by (88/(4 + 0))/2?
9
Let d(x) = x**2 - 13*x - 1. Calculate the remainder when d(15) is divided by 10.
9
Suppose 3*j + 5 = 41. Suppose 2*x = -2*x + 140. Calculate the remainder when x is divided by j.
11
Let q be 3 + 1*(-1 + -1). Let v(f) = 22*f**3 - 2*f**2 + 2*f - 1. Calculate the remainder when 62 is divided by v(q).
20
Suppose 0 = -3*f - 12, 5*f + 64 = 2*v + f. Suppose 0 = -4*l + 4 + v. Let r(t) = t**3 - 6*t**2 - 6*t + 4. What is the remainder when 30 is divided by r(l)?
8
Calculate the remainder when ((-207)/(-12))/((-15)/(-40)) is divided by 7.
4
Calculate the remainder when ((-38)/(-6))/(3/9) is divided by 11.
8
Let y(u) = u**2 + u + 3. Let t = 14 + 53. What is the remainder when t is divided by y(-5)?
21
Let o(v) = v**2 + 4*v + 1. Let g = 6 - 10. What is the remainder when o(g) is divided by 1?
0
Let c = -9 + 16. What is the remainder when (-50)/(-4) - (-12)/24 is divided by c?
6
Let q = -5 - -7. Suppose 4*g = -4*g + 16. What is the remainder when q is divided by g?
0
Let h = 95 - 63. Calculate the remainder when h is divided by 11.
10
What is the remainder when (9/(-2))/((-36)/48) is divided by 2?
0
Suppose -5*x - 3 = -2*x. Let a = 7 - -14. Calculate the remainder when a is divided by ((-3)/9)/(x/33).
10
Let z = -10 - -24. Calculate the remainder when 21 is divided by z.
7
Suppose 3*t = t - 10, -4*j + 23 = -3*t. Suppose 2*l - 6*l = 3*s - 15, s - 5 = -j*l. Let a(f) = -2*f + 2. Calculate the remainder when a(-6) is divided by s.
4
Let y(d) = 4*d - 5. Let w be (-2 - -5)/1 - 1. Calculate the remainder when -3 + (-46)/(w/(-1)) is divided by y(4).
9
Suppose -5*h - 5*j + 1970 = 0, -491 = 5*h + j - 2449. Calculate the remainder when h is divided by 56.
55
Suppose 2*z - 21 = 3. Suppose s - 6 - 19 = -4*f, 5*s - 40 = -3*f. What is the remainder when z is divided by f?
2
Let q be (-3)/((-1)/(0 + 1)). Suppose 3*o = -q*f - f + 34, -2 = -o. What is the remainder when 27 is divided by f?
6
Suppose 0 = -0*c + 4*c + 4*r - 152, -2*r = -4*c + 182. Let f(v) = v. Calculate the remainder when c is divided by f(15).
13
Let g(s) = 10*s - 7. Let h(c) = -10*c + 3. Let o(v) = -v. Let w(m) = -h(m) + 6*o(m). Let y be w(2). What is the remainder when g(y) is divided by 15?
13
Calculate the remainder when 86 is divided by (-2 - (1 + -2))*(-29 + 0).
28
Suppose -5*h + 16 = -h. Suppose z - 3*z - 4*s = -236, -h*z = -2*s - 452. What is the remainder when (-2)/8 + z/8 is divided by 8?
6
Suppose -2*b + 12 + 0 = 0. What is the remainder when 17 is divided by b?
5
Let m(o) = o**3 - o**2 - 3*o + 13. What is the remainder when 24 is divided by m(0)?
11
Suppose 123 = -3*o - 39. Let t(z) = 10*z**3 + z**2 - 2*z + 1. Calculate the remainder when o/(-4)*4/3 is divided by t(1).
8
Let q = 113 - 104. Calculate the remainder when q is divided by 1.
0
Let t(g) = g**2 - 4*g + 2. Let r be t(3). What is the remainder when 37 + -2 - (r - 1) is divided by (-18 - (-2 + 3 + 0))*-1?
18
Suppose 1 = 3*m - 8. Suppose -147 = -5*c - 57. Suppose -3 = -m*k + c. Calculate the remainder when 20 is divided by k.
6
Let q(c) = 29*c**2 - 3*c + 2. Let o be q(2). Suppose 4*i = 5*z - 118, 3*i - 2*i = 5*z - o. What is the remainder when z is divided by 6?
4
Let b = -11 - -9. Let z be 0/b - 9/3. Let o(f) = -6*f + 1. Calculate the remainder when o(z) is divided by 7.
5
Suppose -86 - 10 = -3*j. Calculate the remainder when j is divided by 18.
14
Let c = 2 - 3. Let k be (-2)/c + (-2 - -146). Suppose 0 = 4*n + 54 - k. Calculate the remainder when n is divided by 6.
5
Suppose 5*i + 106 = 1. Let g be (4/12)/((-1)/i). Let c = 10 + g. What is the remainder when c is divided by 9?
8
Suppose -k = 3*r - 2*k - 3, 3*r - 4*k - 12 = 0. Let o(c) = -2*c + 11. Calculate the remainder wh